109.
29
What is the highest common factor of 2814 and 53064?
402
What is the greatest common factor of 3729680 and 184?
184
Calculate the highest common divisor of 1519 and 648221.
49
Calculate the highest common factor of 2914 and 600096.
94
What is the highest common factor of 38440 and 100?
20
Calculate the highest common factor of 10 and 41008.
2
Calculate the highest common factor of 7848 and 128.
8
Calculate the greatest common factor of 1046288 and 136.
8
What is the greatest common factor of 542 and 12649738?
542
What is the greatest common factor of 215418 and 223?
223
Calculate the highest common factor of 94626 and 70.
14
Calculate the greatest common divisor of 154346 and 1603.
229
What is the greatest common factor of 10324 and 6873?
29
Calculate the greatest common divisor of 36 and 23934.
6
Calculate the highest common divisor of 487345 and 87.
29
What is the highest common factor of 19 and 55423?
19
What is the greatest common divisor of 697 and 15293?
41
Calculate the greatest common divisor of 1850 and 100.
50
Calculate the greatest common factor of 54495 and 210.
105
What is the greatest common factor of 2323806 and 258?
258
Calculate the highest common divisor of 10922125 and 23.
23
Calculate the greatest common factor of 535357 and 1043.
149
Calculate the greatest common factor of 127702 and 268.
134
What is the highest common factor of 28717 and 39?
13
What is the greatest common factor of 432039 and 9?
3
What is the greatest common factor of 4816 and 16598?
86
What is the greatest common factor of 98615 and 1304?
163
What is the greatest common divisor of 507 and 752219?
169
What is the greatest common factor of 7 and 2135609?
7
What is the greatest common factor of 11403 and 56?
7
What is the greatest common divisor of 51181 and 254?
127
What is the greatest common factor of 136994 and 8622?
958
What is the greatest common factor of 233434 and 76?
38
Calculate the greatest common factor of 2497 and 320297.
227
Calculate the highest common factor of 2816 and 13508.
44
What is the greatest common divisor of 820 and 32160?
20
Calculate the highest common factor of 5268543 and 42.
21
Calculate the greatest common factor of 8326075 and 41.
41
Calculate the greatest common factor of 371 and 847.
7
Calculate the greatest common factor of 410 and 5.
5
Calculate the highest common divisor of 26471 and 76014.
103
Calculate the highest common factor of 68170 and 570.
10
What is the highest common factor of 4720 and 130720?
80
Calculate the greatest common factor of 458 and 221443.
229
What is the highest common factor of 5 and 1058305?
5
Calculate the highest common factor of 138 and 244674.
138
Calculate the greatest common divisor of 44148 and 7176.
156
What is the greatest common factor of 118091 and 11853?
439
Calculate the highest common divisor of 265218 and 24.
6
Calculate the highest common factor of 84962 and 92.
46
Calculate the greatest common factor of 1179 and 6291.
9
What is the greatest common factor of 5472 and 198?
18
Calculate the greatest common factor of 103 and 105472.
103
What is the greatest common factor of 380 and 7391760?
380
Calculate the greatest common factor of 67888 and 304.
16
Calculate the highest common factor of 1449 and 448707.
483
Calculate the highest common factor of 40161 and 22.
11
Calculate the greatest common divisor of 602843 and 139.
139
What is the highest common factor of 36757 and 3115?
623
Calculate the greatest common divisor of 142 and 30743.
71
What is the greatest common factor of 8328 and 624?
24
What is the greatest common divisor of 9 and 1845567?
9
What is the greatest common divisor of 299 and 5405?
23
Calculate the greatest common divisor of 1265 and 8305.
55
What is the highest common factor of 32671 and 481?
37
Calculate the highest common factor of 410113 and 253.
253
Calculate the greatest common divisor of 62136 and 54.
18
Calculate the highest common factor of 9163 and 2156.
539
What is the greatest common factor of 20827 and 3127?
59
What is the highest common divisor of 4318 and 76073?
127
Calculate the greatest common factor of 118726 and 92.
46
What is the highest common factor of 281 and 2748461?
281
Calculate the greatest common divisor of 103422 and 132.
66
What is the greatest common factor of 549 and 1510970?
61
What is the greatest common divisor of 3069510 and 30?
30
Calculate the highest common divisor of 48 and 412912.
16
What is the greatest common factor of 4137 and 927279?
591
What is the greatest common divisor of 178 and 2063910?
178
What is the highest common divisor of 2236610 and 764?
382
Calculate the highest common factor of 412522 and 748.
374
What is the greatest common factor of 367262 and 42?
14
What is the greatest common factor of 128324 and 28?
28
Calculate the highest common factor of 1645670 and 130.
130
What is the highest common factor of 447 and 141?
3
Calculate the highest common factor of 2741 and 113.
1
Calculate the highest common divisor of 6485 and 2815.
5
What is the highest common divisor of 170 and 891412?
34
What is the greatest common factor of 112 and 140776?
8
What is the greatest common divisor of 28 and 28147?
7
What is the greatest common factor of 1248 and 140064?
96
Calculate the highest common factor of 711 and 432209.
79
Calculate the highest common divisor of 22420 and 3420.
380
Calculate the greatest common factor of 34893 and 9.
9
What is the greatest common divisor of 2356 and 127720?
124
Calculate the highest common divisor of 3507 and 908814.
501
What is the highest common divisor of 217 and 319486?
31
Calculate the greatest common divisor of 62413 and 52.
13
What is the greatest common factor of 788 and 14775?
197
What is the highest common factor of 19877 and 104?
13
Calculate the greatest common factor of 3 and 1696137.
3
What is the greatest common divisor of 108376 and 868?
124
What is the greatest common divisor of 474 and 607431?
237
What is the greatest common divisor of 5717575 and 19?
19
What is the highest common divisor of 30 and 796560?
30
What is the highest common divisor of 221 and 731?
17
What is the highest common factor of 3465 and 23265?
495
What is the highest common divisor of 618354 and 324?
162
What is the highest common divisor of 18282 and 7656?
66
What is the greatest common divisor of 182 and 18733?
13
What is the greatest common divisor of 37920 and 2765?
395
What is the greatest common divisor of 27722 and 8798?
166
What is the highest common divisor of 135 and 110835?
135
Calculate the greatest common divisor of 6489 and 315.
63
Calculate the highest common divisor of 4860 and 14985.
405
What is the highest common divisor of 1383694 and 247?
247
What is the greatest common factor of 18 and 195363?
9
What is the greatest common factor of 36693 and 302?
151
Calculate the greatest common divisor of 366 and 108092.
122
What is the highest common divisor of 1526700 and 250?
50
What is the highest common factor of 135 and 68823?
27
What is the highest common divisor of 130 and 152815?
65
What is the highest common divisor of 364 and 7759388?
364
Calculate the highest common divisor of 5008 and 368.
16
What is the highest common divisor of 628 and 5781368?
628
What is the highest common factor of 1225 and 1305?
5
Calculate the greatest common divisor of 24160 and 860.
20
Calculate the highest common factor of 307680 and 768.
96
What is the highest common divisor of 286 and 1184469?
143
What is the greatest common factor of 864 and 604800?
864
What is the highest common factor of 4704 and 9600?
96
What is the highest common divisor of 495 and 7065?
45
What is the greatest common divisor of 225 and 14025?
75
What is the greatest common factor of 6712 and 1040?
8
What is the highest common divisor of 3 and 8156?
1
What is the greatest common factor of 692 and 267458?
346
Calculate the highest common factor of 8294093 and 457.
457
What is the greatest common divisor of 2097408 and 30?
6
What is the highest common divisor of 179001 and 36?
9
What is the highest common divisor of 81445 and 910?
455
What is the highest common factor of 148 and 131276?
148
What is the greatest common factor of 259128 and 5673?
183
What is the greatest common factor of 14212 and 114?
38
What is the great